{"id":10,"date":"2023-08-24T14:44:14","date_gmt":"2023-08-24T12:44:14","guid":{"rendered":"http:\/\/muriellejacomet.org\/?page_id=10"},"modified":"2025-10-13T10:39:38","modified_gmt":"2025-10-13T08:39:38","slug":"a-propos","status":"publish","type":"page","link":"https:\/\/muriellejacomet.org\/index.php\/a-propos\/","title":{"rendered":"Qui se cache derri\u00e8re ce site :"},"content":{"rendered":"\n<p>\ud83c\udf38<strong> Qui je suis<\/strong><\/p>\n\n\n\n<p>Je suis <strong>Murielle<\/strong>, naturopathe cr\u00e9ative, maman d\u2019un ado plein de vie, passionn\u00e9e par la sant\u00e9, la simplicit\u00e9 et la cr\u00e9ativit\u00e9.<\/p>\n\n\n\n<p>En 2018, j\u2019ai quitt\u00e9 Paris pour reconstruire ma vie \u00e0 Tours.<\/p>\n\n\n\n<p>\u00c0 cette \u00e9poque, je me sentais \u00e9puis\u00e9e, submerg\u00e9e par mon r\u00f4le de maman solo, de th\u00e9rapeute, et de femme qui voulait bien faire.<\/p>\n\n\n\n<p>J\u2019avais perdu de vue l\u2019essentiel : moi.<\/p>\n\n\n\n<p>\ud83c\udf3f<strong> Le d\u00e9clic<\/strong><\/p>\n\n\n\n<p>Un jour, j\u2019ai dit <strong>stop<\/strong> !<\/p>\n\n\n\n<p>J\u2019ai ressorti ma machine \u00e0 coudre, mes pinceaux, mes carnets, et j\u2019ai commenc\u00e9 \u00e0 m\u2019accorder du temps.<\/p>\n\n\n\n<p>Quelques minutes chaque jour, juste pour cr\u00e9er, respirer, me reconnecter.<\/p>\n\n\n\n<p>Petit \u00e0 petit, j\u2019ai retrouv\u00e9 ma joie, ma curiosit\u00e9, mon \u00e9quilibre.<\/p>\n\n\n\n<p>C\u2019est ainsi qu\u2019est n\u00e9 <strong>Murielle in Flow<\/strong> : une fa\u00e7on d\u2019\u00eatre, plus qu\u2019un projet.<\/p>\n\n\n\n<p>Un retour \u00e0 soi, \u00e0 la simplicit\u00e9, \u00e0 la douceur du quotidien.<\/p>\n\n\n\n<p><\/p>\n\n\n\n<p>\u2728<strong> Ce que je partage<\/strong><\/p>\n\n\n\n<p>Sur mon univers, tu trouveras :<\/p>\n\n\n\n<p>\ud83c\udf31 <strong>Des inspirations slowlife<\/strong> pour ralentir et vivre en conscience<\/p>\n\n\n\n<p>\ud83c\udfa8 <strong>Du self-care cr\u00e9atif<\/strong> pour nourrir ton \u00e9nergie et ton plaisir<\/p>\n\n\n\n<p>\ud83d\udcd4 <strong>Des outils d\u2019organisation fluide<\/strong> pour simplifier ton quotidien<\/p>\n\n\n\n<p>\ud83d\udc8c Et une bonne dose d\u2019humanit\u00e9, d\u2019imperfection et de vraie vie.<\/p>\n\n\n\n<p>\ud83d\udc9b<strong> Ma mission<\/strong><\/p>\n\n\n\n<p>J\u2019accompagne les femmes qui veulent, elles aussi, <strong>ralentir, souffler, se retrouver et r\u00e9inventer leur vie \u00e0 leur rythme.<\/strong><\/p>\n\n\n\n<p>Pas pour tout changer, mais pour <strong>retrouver du sens, du souffle et du beau<\/strong> dans l\u2019ordinaire.<\/p>\n\n\n\n<p>Bienvenue dans mon univers <em>in flow<\/em>. \ud83c\udf38<\/p>\n\n\n\n<figure class=\"wp-block-image size-full is-resized\"><img data-recalc-dims=\"1\" loading=\"lazy\" decoding=\"async\" width=\"500\" height=\"119\" src=\"https:\/\/i0.wp.com\/muriellejacomet.org\/wp-content\/uploads\/2023\/08\/741F5DEB-28C9-483C-98FE-923F07CFD2E9-e1692900055108.png?resize=500%2C119\" alt=\"\" class=\"wp-image-59\" style=\"width:245px;height:58px\" srcset=\"https:\/\/i0.wp.com\/muriellejacomet.org\/wp-content\/uploads\/2023\/08\/741F5DEB-28C9-483C-98FE-923F07CFD2E9-e1692900055108.png?w=500&amp;ssl=1 500w, https:\/\/i0.wp.com\/muriellejacomet.org\/wp-content\/uploads\/2023\/08\/741F5DEB-28C9-483C-98FE-923F07CFD2E9-e1692900055108.png?resize=300%2C71&amp;ssl=1 300w\" sizes=\"auto, (max-width: 500px) 100vw, 500px\" \/><\/figure>\n\n\n\n<p>PS : Si vous avez envie de mieux me conna\u00eetre consultez ici : <a href=\"https:\/\/muriellejacomet.org\/index.php\/mon-parcours\/\" target=\"_blank\" rel=\"noreferrer noopener\">Mon Parcours<\/a>.<\/p>\n\n\n\n<p><\/p>\n","protected":false},"excerpt":{"rendered":"<p>\ud83c\udf38 Qui je suis Je suis Murielle, naturopathe cr\u00e9ative, maman &hellip; <\/p>\n","protected":false},"author":1,"featured_media":2172,"parent":0,"menu_order":0,"comment_status":"closed","ping_status":"closed","template":"","meta":{"advanced_seo_description":"","jetpack_seo_html_title":"","jetpack_seo_noindex":false,"footnotes":""},"class_list":["post-10","page","type-page","status-publish","has-post-thumbnail","hentry","has-single-img"],"jetpack_sharing_enabled":true,"jetpack_likes_enabled":false,"jetpack-related-posts":[{"id":3,"url":"https:\/\/muriellejacomet.org\/index.php\/politique-de-confidentialite\/","url_meta":{"origin":10,"position":0},"title":"Politique de confidentialit\u00e9","author":"Murielle","date":"24 ao\u00fbt 2023","format":false,"excerpt":"Qui sommes-nous\u00a0? L\u2019adresse de notre site est\u00a0: http:\/\/muriellejacomet.org. Commentaires Quand vous laissez un commentaire sur notre site, les donn\u00e9es inscrites dans le formulaire de commentaire, ainsi que votre adresse IP et l\u2019agent utilisateur de votre navigateur sont collect\u00e9s pour nous aider \u00e0 la d\u00e9tection des commentaires ind\u00e9sirables. Une cha\u00eene anonymis\u00e9e\u2026","rel":"","context":"Article similaire","block_context":{"text":"Article similaire","link":""},"img":{"alt_text":"","src":"","width":0,"height":0},"classes":[]},{"id":217,"url":"https:\/\/muriellejacomet.org\/index.php\/mon-parcours\/","url_meta":{"origin":10,"position":1},"title":"Mon Parcours","author":"Murielle","date":"9 octobre 2023","format":false,"excerpt":"Un parcours riche et complet Les formations que j\u2019ai suivies sont nombreuses et de qualit\u00e9 et me permettent aujourd\u2019hui de proposer un accompagnement tr\u00e8s complet. Naturopathie - IFN institut de formation naturopathique - Montreal Gestionnaire de Sant\u00e9 - Soci\u00e9t\u00e9 EducoSant\u00e9 - Montr\u00e9al Coaching Personnel, module PNL, Enn\u00e9agramme, Formateur - MHD\u2026","rel":"","context":"Article similaire","block_context":{"text":"Article similaire","link":""},"img":{"alt_text":"","src":"https:\/\/i0.wp.com\/muriellejacomet.org\/wp-content\/uploads\/2023\/10\/IPHM.jpg?resize=350%2C200","width":350,"height":200},"classes":[]},{"id":2,"url":"https:\/\/muriellejacomet.org\/index.php\/page-d-exemple\/","url_meta":{"origin":10,"position":2},"title":"Page d\u2019exemple","author":"Murielle","date":"24 ao\u00fbt 2023","format":false,"excerpt":"Ceci est une page d\u2019exemple. C\u2019est diff\u00e9rent d\u2019un article de blog parce qu\u2019elle restera au m\u00eame endroit et appara\u00eetra dans la navigation de votre site (dans la plupart des th\u00e8mes). La plupart des gens commencent par une page \u00ab\u00a0\u00c0 propos\u00a0\u00bb qui les pr\u00e9sente aux personnes visitant le site. Cela pourrait\u2026","rel":"","context":"Article similaire","block_context":{"text":"Article similaire","link":""},"img":{"alt_text":"","src":"","width":0,"height":0},"classes":[]},{"id":237,"url":"https:\/\/muriellejacomet.org\/index.php\/la-naturopathie\/","url_meta":{"origin":10,"position":3},"title":"La Naturopathie","author":"Murielle","date":"9 octobre 2023","format":false,"excerpt":"Qu\u2019est-ce que la naturopathie et que peut-elle pour vous ? La naturopathie est une approche holistique de la sant\u00e9 et du bien-\u00eatre qui se concentre sur le principe de l'autogu\u00e9rison du corps. En effet ce dernier s\u2019il est plac\u00e9 dans les conditions id\u00e9ales \u00e0 la capacit\u00e9 de recouvrer sa sant\u00e9\u2026","rel":"","context":"Article similaire","block_context":{"text":"Article similaire","link":""},"img":{"alt_text":"","src":"https:\/\/i0.wp.com\/muriellejacomet.org\/wp-content\/uploads\/2025\/10\/Highlight-site-1.png?fit=800%2C800&ssl=1&resize=350%2C200","width":350,"height":200,"srcset":"https:\/\/i0.wp.com\/muriellejacomet.org\/wp-content\/uploads\/2025\/10\/Highlight-site-1.png?fit=800%2C800&ssl=1&resize=350%2C200 1x, https:\/\/i0.wp.com\/muriellejacomet.org\/wp-content\/uploads\/2025\/10\/Highlight-site-1.png?fit=800%2C800&ssl=1&resize=525%2C300 1.5x, https:\/\/i0.wp.com\/muriellejacomet.org\/wp-content\/uploads\/2025\/10\/Highlight-site-1.png?fit=800%2C800&ssl=1&resize=700%2C400 2x"},"classes":[]},{"id":51,"url":"https:\/\/muriellejacomet.org\/index.php\/contact\/","url_meta":{"origin":10,"position":4},"title":"Contactez-moi","author":"Murielle","date":"24 ao\u00fbt 2023","format":false,"excerpt":"Pour toute question, renseignement ou pour prendre rendez-vous n\u2019h\u00e9sitez pas \u00e0 me contacter en remplissant le formulaire ci-dessous, je me ferai un plaisir d\u2019y r\u00e9pondre au plus vite.","rel":"","context":"Article similaire","block_context":{"text":"Article similaire","link":""},"img":{"alt_text":"","src":"https:\/\/i0.wp.com\/muriellejacomet.org\/wp-content\/uploads\/2025\/10\/MIF-Contact.png?resize=350%2C200&ssl=1","width":350,"height":200,"srcset":"https:\/\/i0.wp.com\/muriellejacomet.org\/wp-content\/uploads\/2025\/10\/MIF-Contact.png?resize=350%2C200&ssl=1 1x, https:\/\/i0.wp.com\/muriellejacomet.org\/wp-content\/uploads\/2025\/10\/MIF-Contact.png?resize=525%2C300&ssl=1 1.5x, https:\/\/i0.wp.com\/muriellejacomet.org\/wp-content\/uploads\/2025\/10\/MIF-Contact.png?resize=700%2C400&ssl=1 2x, https:\/\/i0.wp.com\/muriellejacomet.org\/wp-content\/uploads\/2025\/10\/MIF-Contact.png?resize=1050%2C600&ssl=1 3x, https:\/\/i0.wp.com\/muriellejacomet.org\/wp-content\/uploads\/2025\/10\/MIF-Contact.png?resize=1400%2C800&ssl=1 4x"},"classes":[]},{"id":173,"url":"https:\/\/muriellejacomet.org\/index.php\/boutique\/","url_meta":{"origin":10,"position":5},"title":"Le Shop","author":"Murielle","date":"25 ao\u00fbt 2023","format":false,"excerpt":"D\u00e9couvrez ci-dessous toutes nos formules, n\u2019h\u00e9sitez pas \u00e0 clicker sur les miniatures pour en savoir plus sur chacune d\u2019elles. Vous pouvez \u00e9galement me contacter si vous souhaitez plus amples informations les concernant.","rel":"","context":"Article similaire","block_context":{"text":"Article similaire","link":""},"img":{"alt_text":"","src":"","width":0,"height":0},"classes":[]}],"_links":{"self":[{"href":"https:\/\/muriellejacomet.org\/index.php\/wp-json\/wp\/v2\/pages\/10","targetHints":{"allow":["GET"]}}],"collection":[{"href":"https:\/\/muriellejacomet.org\/index.php\/wp-json\/wp\/v2\/pages"}],"about":[{"href":"https:\/\/muriellejacomet.org\/index.php\/wp-json\/wp\/v2\/types\/page"}],"author":[{"embeddable":true,"href":"https:\/\/muriellejacomet.org\/index.php\/wp-json\/wp\/v2\/users\/1"}],"replies":[{"embeddable":true,"href":"https:\/\/muriellejacomet.org\/index.php\/wp-json\/wp\/v2\/comments?post=10"}],"version-history":[{"count":14,"href":"https:\/\/muriellejacomet.org\/index.php\/wp-json\/wp\/v2\/pages\/10\/revisions"}],"predecessor-version":[{"id":2127,"href":"https:\/\/muriellejacomet.org\/index.php\/wp-json\/wp\/v2\/pages\/10\/revisions\/2127"}],"wp:featuredmedia":[{"embeddable":true,"href":"https:\/\/muriellejacomet.org\/index.php\/wp-json\/wp\/v2\/media\/2172"}],"wp:attachment":[{"href":"https:\/\/muriellejacomet.org\/index.php\/wp-json\/wp\/v2\/media?parent=10"}],"curies":[{"name":"wp","href":"https:\/\/api.w.org\/{rel}","templated":true}]}}